DROP DATABASE IF EXISTS kassel;
SHOW WARNINGS;
CREATE DATABASE IF NOT EXISTS `kassel` DEFAULT CHARACTER SET utf8 COLLATE utf8_general_ci;
SHOW WARNINGS;
USE kassel;
SHOW WARNINGS;

	/* create table "routes" */

SHOW WARNINGS;
CREATE TABLE IF NOT EXISTS routes(
	id INT(2), 
	name VARCHAR(10), 
	colorhex VARCHAR(7), 
	colorname VARCHAR(20),  
	stops_count INT(2), 
	PRIMARY KEY (id)
); 
SHOW WARNINGS;

/*Insert values into table*/

INSERT INTO routes (id, name, colorhex, colorname, stops_count) VALUES
(1,'1','#008000','green',29),
(2,'1a','#008000','green',25),
(3,'3','#00FF00','lime',25),
(4,'4','#FF8C00','darkorange',39),
(5,'4a','#FF8C00','darkorange',47),
(6,'5','#9400D3','darkviolet',30),
(7,'5a','#9400D3','darkviolet',25),
(8,'6','#A0522D','sienna',24),
(9,'7','#FFD700','gold',23),
(10,'7a','#FFD700','gold',36),
(11,'8','#87CEEB','skyblue',29),
(12,'8a','#87CEEB','skyblue',26)
;
SHOW WARNINGS;

	/*create table "stops"*/

SHOW WARNINGS;
CREATE TABLE IF NOT EXISTS stops(
	id INT(3), 
	name VARCHAR(50), 
	lat FLOAT(10), 
	lon FLOAT(10), 
	con VARCHAR(50), 
	PRIMARY KEY (id)
); 
SHOW WARNINGS;

/*insert values into table*/

INSERT INTO stops (id, name, lat, lon, con) VALUES
(1,'Druseltal',51.307302,9.416926,'P+R'),
(2,'Hugo-Preuß-Straße',51.307302,9.416926,'keine'),
(3,'Waldorfschule',51.307302,9.416926,'keine'),
(4,'Brabantastraße',51.309851,9.427386,'keine'),
(5,'Wigandstraße',51.309851,9.427386,'keine'),
(6,'Christuskirche',51.311685,9.433273,'keine'),
(7,'Kunoldstraße',51.311461,9.441334,'keine'),
(8,'Hessicher Rundfunk/Orthopädische Klinik',51.314185,9.432318,'keine'),
(9,'Kurhessen-Therme',51.315026,9.430247,'keine'),
(10,'Wilhelmshöhe (Park)',51.315954,9.427633,'keine'),
(11,'Weißensteinstraße',51.316444,9.429253,'keine'),
(12,'Hessenschanze',51.325585,9.426061,'keine'),
(13,'Prinzenquelle',51.325585,9.426061,'keine'),
(14,'Stahlbergstraße',51.324696,9.434985,'keine'),
(15,'Riedwiesen',51.324696,9.434985,'keine'),
(16,'Kirche Kirchditmold',51.322934,9.446022,'keine'),
(17,'Teichstraße',51.321084,9.450490,'keine'),
(18,'Bahnhof Großenritte',51.252283,9.390746,'P+R'),
(19,'Hünstein',51.251702,9.396293,'keine'),
(20,'Albert-Einstein-Straße',51.252382,9.402803,'keine'),
(21,'Stadtmitte',51.252740,9.410627,'keine'),
(22,'VW-Werk',51.262116,9.426591,'keine'),
(23,'Baunsberg',51.263781,9.425223,'keine'),
(24,'Mattenberg Siedlung',51.268041,9.435652,'keine'),
(25,'Waldmannstraße',51.269170,9.437900,'keine'),
(26,'VW-Werk-Schleife',51.263850,9.430757,'keine'),
(27,'Schenkelsberg',51.267606,9.441231,'keine'),
(28,'Mattenberg',51.272523,9.442018,'keine'),
(29,'Altenbaunaer Straße/Europaschule',51.274448,9.445199,'keine'),
(30,'Oberzwehren Mitte',51.277607,9.449230,'keine'),
(31,'Heinrich-Plett-Straße',51.280319,9.446354,'keine'),
(32,'Schulzentrum Brückenhof',51.283088,9.444340,'keine'),
(33,'Korbacher Straße/Universität',51.285737,9.449594,'keine'),
(34,'Heinrich-Schütz-Allee',51.288889,9.451526,'keine'),
(35,'Helleböhn',51.291781,9.453811,'keine'),
(36,'Rhönplatz',51.295484,9.452603,'keine'),
(37,'Süsterfeld',51.298837,9.449871,'keine'),
(38,'Helleböhnweg',51.302000,9.448035,'keine'),
(39,'Marbachshöhe',51.305273,9.445493,'keine'),
(40,'Hasselweg',51.308120,9.444736,'keine'),
(41,'Walther-Schücking-Platz',51.308120,9.444736,'keine'),
(42,'Rolandstraße',51.313030,9.442096,'keine'),
(43,'Kassel-Wilhelmshöhe',51.313113,9.446899,'P+R, Zugang Regional- u. Fernverkehr'),
(44,'Rotes Kreuz',51.313151,9.452775,'keine'),
(45,'Wintershall',51.316079,9.456444,'keine'),
(46,'Kongress-Palais/Stadthalle',51.316062,9.460828,'keine'),
(47,'Bebelplatz',51.316052,9.464735,'keine'),
(48,'Friedenskirche',51.316155,9.469001,'keine'),
(49,'Querallee',51.315815,9.473708,'keine'),
(50,'Annastraße',51.315439,9.477994,'keine'),
(51,'Karthäußer Straße',51.314654,9.485215,'keine'),
(52,'Ständeplatz',51.314318,9.489380,'keine'),
(53,'Wilhelmsstraße/Stadtmuseum',51.314296,9.488086,'Zugang Regional- u. Fernverkehr'),
(54,'Scheidemannplatz',51.316355,9.492765,'Zugang Regional- u. Fernverkehr'),
(55,'Lutherplatz',51.318865,9.496430,'Zugang Regional- u. Fernverkehr'),
(56,'Am Stern',51.318508,9.500613,'Zugang Regional- u. Fernverkehr'),
(57,'Altmarkt/Regierungspräsidium',51.316126,9.504868,'Zugang Regional- u. Fernverkehr'),
(58,'Königsplatz',51.315747,9.497960,'Zugang Regional- u. Fernverkehr'),
(59,'Friedrichsplatz',51.314003,9.495119,'Zugang Regional- u. Fernverkehr'),
(60,'Rathaus',51.312272,9.492163,'Zugang Regional- u. Fernverkehr'),
(61,'Rathaus/Fünffensterstraße',51.311923,9.491580,'Zugang Regional- u. Fernverkehr'),
(62,'Berlepschstraße',51.312955,9.456856,'keine'),
(63,'Kirchweg',51.312543,9.465182,'keine'),
(64,'Goethestraße',51.314550,9.473365,'keine'),
(65,'Murhardtstraße/Universität',51.312096,9.474185,'keine'),
(66,'Weigelstraße',51.311656,9.482791,'keine'),
(67,'Am Weinberg',51.307639,9.488485,'Zugang Regional- u. Fernverkehr'),
(68,'Heinrich-Heine-Straße/Universität',51.303883,9.484132,'Zugang Regional- u. Fernverkehr'),
(69,'Auestadion',51.298898,9.481234,'P+R, Zugang Regional- u. Fernverkehr'),
(70,'Park Schönfeld',51.296073,9.479132,'keine'),
(71,'Bahnhof Niederzwehren',51.293317,9.476114,'keine'),
(72,'Leuschnerstraße',51.290300,9.472925,'keine'),
(73,'Dennhäuserstraße',51.285094,9.469052,'keine'),
(74,'Brüder-Grimm-Straße',51.282162,9.464809,'keine'),
(75,'Keilsbergstraße',51.279264,9.455745,'keine'),
(76,'Unterneustädter Kirchplatz',51.313517,9.509228,'Zugang Regional- u. Fernverkehr'),
(77,'Platz der deutschen Einheit',51.310873,9.512680,'P+R, Zugang Regional- u. Fernverkehr'),
(78,'Sandershäuser Straße',51.309165,9.517787,'Zugang Regional- u. Fernverkehr'),
(79,'Kirchgasse',51.305540,9.527882,'Zugang Regional- u. Fernverkehr'),
(80,'Leipziger Platz',51.303551,9.531156,'Zugang Regional- u. Fernverkehr'),
(81,'Kleingartenverein',51.254939,9.420522,'keine'),
(82,'Leipziger Straße',51.301042,9.532828,'Zugang Regional- u. Fernverkehr'),
(83,'Forstfeldstraße',51.298309,9.538477,'Zugang Regional- u. Fernverkehr'),
(84,'Lindenberg',51.295022,9.546095,'Zugang Regional- u. Fernverkehr'),
(85,'Am Kupferhammer',51.294388,9.556244,'Zugang Regional- u. Fernverkehr'),
(86,'Kaufungen Papierfabrik',51.290748,9.563687,'P+R, Zugang Regional- u. Fernverkehr'),
(87,'Industriestraße',51.289206,9.571184,'keine'),
(88,'Niederkaufungen Mitte',51.283474,9.600388,'keine'),
(89,'Bahnhof Niederkaufungen',51.283303,9.608684,'keine'),
(90,'Rieckswiesen',51.284538,9.614443,'keine'),
(91,'Gesamtschule',51.282545,9.619791,'keine'),
(92,'Oberkaufungen Mitte',51.285873,9.630096,'keine'),
(93,'Bahnhof Oberkaufungen',51.286984,9.636683,'P+R'),
(94,'DRK Klinik',51.283598,9.639258,'keine'),
(95,'Holländische Straße',51.340151,9.480972,'P+R'),
(96,'Hegelsbergstraße',51.336850,9.490502,'keine'),
(97,'Wiener Straße',51.334028,9.494721,'keine'),
(98,'Hauptfriedhof',51.330238,9.498665,'keine'),
(99,'Mombachstraße',51.326779,9.500045,'keine'),
(100,'Holländischer Platz/Universität',51.320638,9.502084,'keine'),
(101,'Ihringshäuser Straße',51.339238,9.517268,'P+R'),
(102,'Arnimstraße',51.338051,9.515684,'keine'),
(103,'Koboldstraße',51.334974,9.513539,'keine'),
(104,'Eisenschmiede',51.330989,9.513370,'keine'),
(105,'Simmershäuser Straße',51.330336,9.511472,'keine'),
(106,'Kaulbachstraße',51.327660,9.513281,'keine'),
(107,'Klinikum Kassel',51.327177,9.509762,'keine'),
(108,'Mittelring',51.325159,9.509528,'keine'),
(109,'Weserspitze',51.323047,9.512810,'keine'),
(110,'Katzensprung',51.318645,9.508499,'keine'),
(111,'Wolfsanger',51.326427,9.537149,'keine'),
(112,'Kirche Wolfsanger',51.326621,9.534345,'keine'),
(113,'Wolfsgraben',51.328312,9.529738,'keine'),
(114,'Am Fasanenhof',51.328167,9.522308,'keine'),
(115,'Alte Stadtgrenze',51.326117,9.518789,'keine'),
(116,'Breitscheidstraße',51.318819,9.456310,'keine'),
(117,'Aschrottstraße',51.318266,9.460849,'keine'),
(118,'Berliner Straße',51.345746,9.475708,'keine'),
(119,'Triftstraße',51.348963,9.471953,'keine'),
(120,'Dörnbergstraße',51.352487,9.468198,'P+R'),
(121,'Festplatz',51.357378,9.467533,'keine'),
(122,'Nordstraße',51.36539,9.469464,'keine'),
(123,'Musikerviertel',51.369282,9.471073,'keine'),
(124,'Vellmar-Nord',51.372142,9.472511,'P+R')
;
SHOW WARNINGS;

	/*create table "pois" */

SHOW WARNINGS;
CREATE TABLE IF NOT EXISTS pois(
	id INT(2), 
	name VARCHAR(50),
	adress VARCHAR(50), 
	lat FLOAT(10), 
	lon FLOAT(10), 
	category VARCHAR(50), 
	hours VARCHAR(200), 
	website VARCHAR(200), 
	PRIMARY KEY (id)
); 
SHOW WARNINGS;

/*insert values into table*/

INSERT INTO pois (id, name, adress, lat, lon, category, hours, website) VALUES
(1,'Uni Kassel - Wilhelmhöher Allee','Wilhelmshöher Allee 71, 34121 Kassel',51.311293,9.473916,'Bildungseinrichtung','k.A.','http://www.uni-kassel.de/uni/'),
(2,'Uni Kassel ','Mönchebergstraße 19, 34125 Kassel',51.321024,9.505566,'Bildungseinrichtung','k.A.','http://www.uni-kassel.de/uni/'),
(3,'JVA Kassel I','Theodor-Fliedner-Str. 12, 34121 Kassel',51.301039,9.465062,'Justiz','keine','http://www.jva-kassel1.justiz.hessen.de/'),
(4,'JVA Kassel II','Windmühlenstr. 35, 34121 Kassel',51.303225,9.461292,'Justiz','keine','http://www.jva-kassel2.justiz.hessen.de/ '),
(5,'Aue-Stadion','Am Auestadion, 34121 Kassel',51.298904,9.484060,'Freizeit','keine','http://ksv-hessen.de/'),
(6,'Verwaltungsgericht Kassel','Tischbeinstr. 32, 34121 Kassel',51.308150,9.482778,'Justiz','Montag bis Donnerstag 9-15h30 Uhr, Freitag 9-12.30 Uhr','http://www.vg-kassel.justiz.hessen.de/'),
(7,'Landesbibliothek und Murhardsche Bibliothek','Brüder-Grimm-Platz 4a, 34117 Kassel',51.310288,9.490665,'Bildungseinrichtung','Montag bis Freitag: 9-18 Uhr, Samstag 10-13 Uhr','http://www.ub.uni-kassel.de/'),
(8,'Notfall-Ambulanz','Weinbergstraße 7, 34117 Kassel',51.310327,9.491501,'Krankenhaus','keine','http://www.elisabethkrankenhaus-kassel.de/'),
(9,'Amtsgericht Kassel','Frankfurter Str. 9, 34117 Kassel',51.311210,9.495031,'Justiz','Montag bis Freitag 9-12 Uhr','http://www.ag-kassel.justiz.hessen.de/'),
(10,'Landgericht Kassel','Frankfurter Str. 7, 34117 Kassel',51.311400,9.495559,'Justiz','Montag bis Freitag 9-12 Uhr','http://www.lg-kassel.justiz.hessen.de/'),
(11,'Bundessozialgericht','Graf-Bernadotte-Platz 5, 34119 Kassel',51.314634,9.449430,'Justiz','Montag bis Donnerstag 8-16 Uhr, Freitag 8-14 Uhr','http://www.bsg.bund.de/'),
(12,'Cornelius Gellert Kampfbahn','34123 Kassel',51.301400,9.542466,'Freizeit','k.A.','http://regiowiki.hna.de/Cornelius_Gellert'),
(13,'Fulda-Camp Kassel','Giesenallee 7, 34121 Kassel',51.291484,9.487913,'Freizeit','k.A.','http://fulda-camp.de/'),
(14,'Rotes Kreuz Krankenhaus','Hansteinstraße 29, 34121 Kassel',51.310915,9.455040,'Krankenhaus','keine','http://rkk-kassel.de/'),
(15,'Sportzentrum Giesewiesen','Heckerswiesenstr. 1, 34121 Kassel',51.292935,9.484795,'Freizeit','k.A.','http://de.wikipedia.org/wiki/Südstadt_(Kassel)#Die_heutigen_Giesewiesen'),
(16,'Campus Oberzwehren','Heinrich-Plett-Straße 40, 34132 Kassel',51.282696,9.447738,'Bildungseinrichtung','k.A.','http://www.hessen.de/irj/HMWK_Internet?cid=5f0e510e1fd5585578a86adcf9f73a0d'),
(17,'Marienkrankenhaus Kassel','Marburger Straße 85, 34127 Kassel',51.328171,9.480429,'Krankenhaus','keine','http://marienkrankenhaus-kassel.de/'),
(18,'Hauptfriedhof','Tannenheckerweg 6, 34127 Kassel',51.328292,9.492005,'Friedhof','keine','http://friedhofsverwaltung-kassel.de/'),
(19,'Klinikum Kassel - Zentrale Notaufnahme','Mönchebergstraße 41-43, 34125 Kassel',51.328158,9.509810,'Krankenhaus','keine','http://klinikum-kassel.de/'),
(20,'Westfriedhof','Heinrich-Schütz-Allee 211, 34134 Kassel',51.353539,9.460006,'Friedhof','keine','http://friedhofsverwaltung-kassel.de/ '),
(21,'Nordfriedhof','Am Felsenkeller 31, 34125 Kassel',51.338042,9.522293,'Friedhof','keine','http://friedhofsverwaltung-kassel.de/ '),
(23,'Rathaus','Obere Königsstraße 8, 34117 Kassel',51.312079,9.492874,'Öffentl. Gebäude','Montag bis Donnerstag 9-17 Uhr, Freitag 9-15 Uhr','http://de.wikipedia.org/wiki/Rathaus_Kassel'),
(24,'Friedrichsgymnasium','Humboldtstr. 5, 34117 Kassel',51.310788,9.489827,'Bildungseinrichtung','keine','http://friedrichsgymnasium.de/'),
(25,'Jacob-Grimm-Schule','Wilhelmshöher Allee 35-39, 34117 Kassel',51.311011,9.481217,'Bildungseinrichtung','keine','http://jgs-kassel.de/'),
(26,'Hotel Chassalla','Wilhelmshöher Allee 99, 34121 Kassel',51.312014,9.470086,'Übernachtungsmöglichkeit','keine','http://hotel-chassalla.de/'),
(27,'Hotel Excelsior','Erzbergerstraße 2, 34117 Kassel',51.318531,9.493028,'Übernachtungsmöglichkeit','keine','http://www.excelsior-kassel.de/index/index.php'),
(28,'Hotel Am Rathaus','Wilhelmsstrasse 29, 34117 Kassel',51.312469,9.492377,'Übernachtungsmöglichkeit','keine','http://hotel-am-rathaus-ks.de/'),
(29,'Kasseler Bank eG','Rudolf-Schwander-Straße 1, 34117 Kassel',51.316824,9.493081,'Kreditinstiut','Montag bis Mittwoch 8h30-16h15 Uhr, Donnerstag 8h30-18 Uhr, Freitag 8h30-15 Uhr','http://www.kasselerbank.de/'),
(30,'Deutsche Bundesbank','Ständeplatz 12, 34117 Kassel',51.315184,9.489956,'Kreditinstiut','Montag bis Freitag 8h15-13 Uhr','http://www.bundesbank.de/hv/hv_frankfurt_filialen.php'),
(31,'Commerzbank','Kölnische Straße 9, 34117 Kassel',51.316083,9.495650,'Kreditinstiut','Montag und Mittwoch 9-16 Uhr, Dienstag und Donnerstag 9-18 Uhr, Freitag 9-14 Uhr','https://www.commerzbank.de/'),
(32,'Santander Consumer Bank AG Filiale Kassel','Königsplatz 57, 34117 Kassel',51.316131,9.497061,'Kreditinstiut','Montag, Dienstag und Donnerstag 9-13 Uhr und 14-19 Uhr, Mittwoch und Freitag 9-13 Uhr und 14-16 Uhr','http://www.santanderconsumer.de/de/privatkunden/index.html'),
(33,'Kasseler Sparkasse','Friedrich-Ebert-Straße 133, 34119 Kassel',51.315942,9.468254,'Kreditinstiut','"Montag bis Freitag 9-13 Uhr; Montag, Mittwoch, Freitag 14-16 Uhr, Dienstag, Donnerstag 14-18 Uhr"','https://bankingportal.kasseler-sparkasse.de/portal/portal/?IID=52050353&AID=IPSTANDARD&IFLBSERVERID=IF@@043@@IF'),
(34,'Sparda-Bank Hessen eG','Wilhelmshöher Allee 262, 34131 Kassel',51.313784,9.445214,'Kreditinstiut','Montag, Dienstag und Donnerstag 8h30-18 Uhr, Mittwoch und Freitag 8h30-15h30 Uhr','https://www.sparda-hessen.de/'),
(35,'Polizeipräsidium Kassel','Königstor 31, 34117 Kassel',51.312991,9.482768,'Polizei','Montag bis Freitag: 10-17 Uhr','http://www.polizei.hessen.de/'),
(36,'Polizeipräsidium Nordhessen','Grüner Weg 33, 34117 Kassel',51.319660,9.490315,'Polizei','Montag bis Freitag: 10-17 Uhr','http://www.polizei.hessen.de/'),
(37,'Berufsfeuerwehr Kassel','Wolfhager Straße 25, 34117 Kassel',51.321443,9.498759,'Feuerwehr','keine','http://feuerwehr-kassel.eu/'),
(38,'Freiwillige Feuerwehr Kassel-Wolfsanger e.V.','Fuldatalstraße 119, 34125 Kassel',51.327000,9.533590,'Feuerwehr','keine','http://feuerwehr-wolfsanger.de/'),
(39,'Freiwillige Feuerwehr Kassel-Niederzwehren e.V.','Dennhäuser Straße 27, 34134 Kassel',51.283958,9.472830,'Feuerwehr','keine','http://feuerwehr-niederzwehren.de/'),
(40,'Gloria Kino','Friedrich-Ebert-Straße 3, 34117 Kassel',51.314017,9.487821,'Freizeit','k.A.','http://www.filmladen.de/index.php?id=4&uid=3'),
(41,'Cineplex Capitol Kassel','Wilhelmsstraße 2a, 34117 Kassel',51.314161,9.490696,'Freizeit','Montag bis Samstag ab 13 Uhr, Sonntag ab 10h30 Uhr','http://www.cineplex.de/kino/home/city24/'),
(42,'CineStar Kassel','Karlsplatz 8, 34117 Kassel',51.311204,9.493904,'Freizeit','Montag bis Samstag ab 13 Uhr, Sonntag ab 10h30 Uhr','http://www.cinestar.de/de/kino/kassel-cinestar/'),
(43,'Filmladen Kassel e.V.','Goethestraße 31, 34119 Kassel',51.314186,9.472855,'Freizeit','k.A.','http://www.filmladen.de/index.php?id=4&uid=2'),
(44,'Stadtbad Mitte','Kurt-Schumacher-Straße 2, 34117 Kassel',51.318134,9.498807,'Freizeit','Montag 12-18 Uhr, Dienstag 7-22 Uhr, Mittwoch 10-20 Uhr, Donnerstag 7-22 Uhr, Freitag 8-20 Uhr, Samstag und Sonntag 9-18 Uhr','http://www.schwimmbadcheck.de/12719/Hallenbad-Stadtbad-Mitte-in-Kassel.html'),
(45,'Schwimmstadion am Auedamm','Auedamm 21, 34121 Kassel',51.300315,9.500663,'Freizeit','k.A.','http://regiowiki.hna.de/Auebad'),
(46,'Freibad Wilhelmshöhe','Kurhausstr. 31, 34131 Kassel',51.308404,9.425883,'Freizeit','Montag bis Freitag 7-19 Uhr, Samstag und Sonntag 9-19 Uhr','http://regiowiki.hna.de/Freibad_Bad_Wilhelmshöhe'),
(47,'Staatstheater Kassel','Friedrichsplatz 15, 34117 Kassel',51.312619,9.499070,'Freizeit','k.A.','http://www.staatstheater-kassel.de/'),
(48,'Musiktheater Kassel','Angersbachstraße 10, 34127 Kassel',51.322426,9.470826,'Freizeit','Freitag und Samstag ab 20h30 Uhr','http://musiktheater-ks.de/'),
(49,'Spielraum-Theater Kassel','Kirchweg 66, 34119 Kassel',51.315325,9.464826,'Freizeit','k.A.','http://spielraum-theater.de/'),
(50,'Aktionstheater Kassel','Elfbuchenstraße 32, 34119 Kassel',51.318109,9.464808,'Freizeit','k.A.','http://www.aktionstheaterkassel.com/'),
(51,'Wehlheider Hoftheater ','Jordanstraße 11, 34117 Kassel',51.313732,9.487027,'Freizeit','k.A.','http://wehlheider-hoftheater.de/'),
(52,'Osteria','Jordanstraße 11, 34117 Kassel',51.313742,9.487354,'Essen & Trinken','Montag bis Sonntag 18-1 Uhr','http://osteria-kassel.de/'),
(53,'Restaurant Boccaccio','Querallee 36, 34119 Kassel',51.315033,9.473455,'Essen & Trinken','Montag bis Sonntag 12-14h30 Uhr und 17h30-24 Uhr','http://www.kassel-essentrinken.de/deutsch/366/261/261/74001/branchendetail.html?PHPSESSID=f5901e41d51f88c459be0b290002164c'),
(54,'Café-Restaurant Karlshospital','Weserstraße 2a, 34117 Kassel',51.316948,9.507675,'Essen & Trinken','Dienstag bis Donnerstag 11-24 Uhr, Freitag 11 Uhr - open end, Samstag 14 Uhr - open end, Sonntag 10 - 23 Uhr','http://www.restaurant-karlshospital.com/index.php?id=khspeisen'),
(55,'Insel Restaurant Finkenherd','Weserstraße 6, 34125 Kassel',51.317485,9.509761,'Essen & Trinken','Montag bis Sonntag 11-24 Uhr','http://finkenherd-kassel.de/'),
(56,'Bolero','Schöne Aussicht 1a, 34117 Kassel',51.309465,9.494054,'Essen & Trinken','Montag bis Sonntag 10 Uhr-open end','http://www.bolerobar.de/'),
(57,'Xallo Bar','Königstor 47, 34117 Kassel',51.313214,9.479892,'Essen & Trinken','Montag bis Sonntag 9 Uhr-open end','http://xallocook.de/'),
(58,'Lolita Bar','Werner-Hilpert-Straße 22, 34117 Kassel',51.318351,9.492252,'Essen & Trinken','Mittwoch bis Samstag 22 Uhr-open end','http://www.armaberokay.de'),
(59,'Haus der Begegnung','Universität Kassel, 34117 Kassel',51.318077,9.498944,'Bildungseinrichtung','k.A.','http://haus-der-begegnung.de/')
;
SHOW WARNINGS;

	/*create table "sights" */

SHOW WARNINGS;
CREATE TABLE IF NOT EXISTS sights(
	id INT(2), 
	name VARCHAR(50), 
	district VARCHAR(50), 
	lat FLOAT(10), 
	lon FLOAT(10), 
	category VARCHAR(20), 
	built VARCHAR(50), 
	PRIMARY KEY (id)
); 
SHOW WARNINGS;

/*insert values into table*/

INSERT INTO sights (id, name, district, lat, lon, category, built) VALUES
(1,'Museum Fridericanum','Mitte',51.314121,9.497390,'Museum','1779'),
(2,'Naturkundemuseum im Ottoneum','Mitte',51.313393,9.499118,'Museum','1606'),
(3,'Museum für Sepulkralkultur','Mitte',51.309190,9.487649,'Museum','1992'),
(4,'Goetheanlage ','West',51.314387,9.456287,'Grünanlage','1933'),
(5,'Aschrottpark','West',51.315995,9.452287,'Grünanlage','k.A.'),
(6,'Tannenwäldchen','West',51.319925,9.465516,'Grünanlage','1780'),
(7,'Fuldaaue','Waldau',51.293458,9.506736,'Grünanlage','1970er Jahre'),
(8,'Karlsaue','Südstadt',51.300999,9.494430,'Grünanlage','k.A.'),
(9,'Insel Siebenbergen','Südstadt',51.295491,9.487531,'Grünanlage','Anfang des 18. Jahrhunderts'),
(10,'Lutherplatz','Mitte',51.318079,9.497002,'Öffentl. Platz','k.A.'),
(11,'Königsplatz','Mitte',51.315680,9.498043,'Öffentl. Platz','1767'),
(12,'Landgraf-Phillips-Platz','Mitte',51.317299,9.500517,'Öffentl. Platz','k.A.'),
(13,'Martinsplatz','Mitte',51.316931,9.501012,'Öffentl. Platz','k.A.'),
(14,'Altmarkt','Mitte',51.315932,9.504770,'Öffentl. Platz','1957'),
(15,'Unterneustädter Kirchplatz','Mitte',51.313259,9.508989,'Öffentl. Platz','1802'),
(16,'Platz der Deutschen Einheit','Mitte',51.310999,9.512760,'Öffentl. Platz','k.A.'),
(17,'Messeplatz','Unterneustadt',51.309316,9.511070,'Öffentl. Platz','1950'),
(18,'Leipziger Platz','Bettenhausen',51.303319,9.531722,'Öffentl. Platz','k.A.'),
(19,'Schloßpark','Bad Wilhelmshöhe',51.317425,9.414784,'Grünanlage','k.A.'),
(20,'Mülhäuser Platz','Fasanenhof',51.331037,9.511373,'Öffentl. Platz','k.A.'),
(21,'Max-Mayr-Platz','Rothenditmold',51.328542,9.481756,'Öffentl. Platz','k.A.'),
(22,'Sophie-Henschel-Platz','Wehlheiden',51.334195,9.488706,'Grünanlage','1915'),
(23,'Löwenburg','Bad Wilhelmshöhe',51.311335,9.408701,'Museum','1793'),
(24,'Caricatura','Mitte',51.317906,9.490809,'Museum','1995')
;
SHOW WARNINGS;

	/*create table "link_r_s"*/	

SHOW WARNINGS;
CREATE TABLE IF NOT EXISTS link_r_s(
	id_lines INT(2), 
	id_stops INT(3), 
	seq INT(2), 
	seq_name VARCHAR(50), 
	dur INT(2), 
	PRIMARY KEY (id_lines, id_stops)
); 
SHOW WARNINGS;	

/*insert values into table*/

INSERT INTO link_r_s (id_lines, id_stops, seq, seq_name, dur) VALUES
(1,11,1,'Wilhelmshöhe (Park)',0),
(1,10,2,'Weißensteinstraße',1),
(1,9,3,'Kurhessen-Therme',2),
(1,8,4,'Hessischer Rundfunk/Orthopädische Klinik',3),
(1,7,5,'Kunoldstraße',5),
(1,43,6,'Kassel-Wilhelmshöhe',7),
(1,44,7,'Rotes Kreuz',8),
(1,62,8,'Berlepschstraße',10),
(1,63,9,'Kirchweg',12),
(1,65,10,'Murhardtstraße/Universität',13),
(1,66,11,'Weigelstraße',15),
(1,60,12,'Rathaus',17),
(1,59,13,'Friedrichsplatz',18),
(1,58,14,'Königsplatz',20),
(1,56,15,'Am Stern',22),
(1,100,16,'Holländischer Platz/Universität',24),
(1,99,17,'Mombachstraße',26),
(1,98,18,'Hauptfriedhof',27),
(1,97,19,'Wiener Straße',29),
(1,96,20,'Hegelsbergstraße',30),
(1,95,21,'Holländische Straße',32),
(1,118,22,'Berliner Straße',34),
(1,119,23,'Triftstraße',35),
(1,120,24,'Dörnbergstraße',36),
(1,121,25,'Festplatz',37),
(1,21,26,'Stadtmitte',38),
(1,109,27,'Nordstraße',39),
(1,110,28,'Musikerviertel',40),
(1,124,29,'Vellmar-Nord',42),
(2,42,1,'Rolandstraße',0),
(2,43,2,'Kassel-Wilhelmshöhe',2),
(2,44,3,'Rotes Kreuz',3),
(2,62,4,'Berlepschstraße',5),
(2,63,5,'Kirchweg',7),
(2,65,6,'Murhardtstraße/Universität',8),
(2,66,7,'Weigelstraße',10),
(2,60,8,'Rathaus',12),
(2,59,9,'Friedrichsplatz',13),
(2,58,10,'Königsplatz',15),
(2,56,11,'Am Stern',17),
(2,100,12,'Holländischer Platz/Universität',19),
(2,99,13,'Mombachstraße',21),
(2,98,14,'Hauptfriedhof',22),
(2,97,15,'Wiener Straße',24),
(2,96,16,'Hegelsbergstraße',25),
(2,118,17,'Berliner Straße',27),
(2,95,18,'Holländische Straße',29),
(2,119,19,'Triftstraße',30),
(2,120,20,'Dörnbergstraße',31),
(2,121,21,'Festplatz',32),
(2,21,22,'Stadtmitte',33),
(2,109,23,'Nordstraße',34),
(2,110,24,'Musikerviertel',35),
(2,124,25,'Vellmar-Nord',37),
(3,1,1,'Druseltal',0),
(3,2,2,'Hugo-Preuß-Straße',1),
(3,3,3,'Walldorfschule',2),
(3,4,4,'Brabanter Straße',4),
(3,5,5,'Wigandstraße',5),
(3,6,6,'Christuskirche',6),
(3,41,7,'Walther-Schücking-Platz',8),
(3,43,8,'Kassel-Wilhelmshöhe',10),
(3,44,9,'Rotes Kreuz',11),
(3,62,10,'Berlepschstraße',13),
(3,63,11,'Kirchweg',15),
(3,65,12,'Murhardtstraße/Universität',16),
(3,66,13,'Weigelstraße',18),
(3,60,14,'Rathaus',20),
(3,59,15,'Friedrichsplatz',21),
(3,58,16,'Königsplatz',22),
(3,56,17,'Am Stern',24),
(3,57,18,'Altmarkt/Regierungspräsidium',26),
(3,110,19,'Katzensprung',27),
(3,109,20,'Weserspitze',30),
(3,106,21,'Kaulbachstraße',31),
(3,104,22,'Eisenschmiede',33),
(3,103,23,'Koboldstraße',34),
(3,102,24,'Arnimstraße',35),
(3,101,25,'Ihringshäuser Straße',36),
(4,28,1,'Mattenberg',0),
(4,29,2,'Altenbaunaer Straße/Europaschule',1),
(4,30,3,'Oberzwehren Mitte',2),
(4,31,4,'Heinrich-Plett-Straße',4),
(4,32,5,'Schulzentrum Brückenhof',5),
(4,33,6,'Korbacher Straße/Universität',6),
(4,34,7,'Heinrich-Schütz-Allee',7),
(4,35,8,'Helleböhn',8),
(4,36,9,'Rhönplatz',9),
(4,37,10,'Süsterfeld',10),
(4,38,11,'Helleböhnweg',11),
(4,39,12,'Marbachshöhe',12),
(4,40,13,'Hasselweg',13),
(4,41,14,'Walther-Schücking-Platz',14),
(4,43,15,'Kassel-Wilhelmshöhe',16),
(4,44,16,'Rotes Kreuz',17),
(4,45,17,'Wintershall',19),
(4,46,18,'Kongress-Palais/Stadthalle',20),
(4,47,19,'Bebelplatz',21),
(4,48,20,'Friedenskirche',22),
(4,49,21,'Querallee',23),
(4,50,22,'Annastraße',24),
(4,51,23,'Karthäußer Straße',25),
(4,52,24,'Ständeplatz',27),
(4,61,25,'Rathaus/Fünffensterstraße',28),
(4,60,26,'Rathaus',29),
(4,59,27,'Friedrichsplatz',30),
(4,58,28,'Königsplatz',32),
(4,56,29,'Am Stern',34),
(4,57,30,'Altmarkt/Regierungspräsidium',36),
(4,76,31,'Unterneustädter Kirchplatz',37),
(4,77,32,'Platz der Deutschen Einheit',39),
(4,78,33,'Sandershäuser Straße',40),
(4,79,34,'Kirchgasse',41),
(4,80,35,'Leipziger Platz',44),
(4,83,36,'Forstfeldstraße',45),
(4,84,37,'Lindenberg',47),
(4,85,38,'Am Kupferhammer',48),
(4,86,39,'Kaufungen Papierfabrik',50),
(5,28,1,'Mattenberg',0),
(5,29,2,'Altenbaunaer Straße/Europaschule',1),
(5,30,3,'Oberzwehren Mitte',2),
(5,31,4,'Heinrich-Plett-Straße',4),
(5,32,5,'Schulzentrum Brückenhof',5),
(5,33,6,'Korbacher Straße/Universität',6),
(5,34,7,'Heinrich-Schütz-Allee',7),
(5,35,8,'Helleböhn',8),
(5,36,9,'Rhönplatz',9),
(5,37,10,'Süsterfeld',10),
(5,38,11,'Helleböhnweg',11),
(5,39,12,'Marbachshöhe',12),
(5,40,13,'Hasselweg',13),
(5,41,14,'Walther-Schücking-Platz',14),
(5,43,15,'Kassel-Wilhelmshöhe',16),
(5,44,16,'Rotes Kreuz',17),
(5,45,17,'Wintershall',19),
(5,46,18,'Kongress-Palais/Stadthalle',20),
(5,47,19,'Bebelplatz',21),
(5,48,20,'Friedenskirche',22),
(5,49,21,'Querallee',23),
(5,50,22,'Annastraße',24),
(5,51,23,'Karthäußer Straße',25),
(5,52,24,'Ständeplatz',27),
(5,61,25,'Rathaus/Fünffensterstraße',28),
(5,60,26,'Rathaus',29),
(5,59,27,'Friedrichsplatz',30),
(5,58,28,'Königsplatz',32),
(5,56,29,'Am Stern',34),
(5,57,30,'Altmarkt/Regierungspräsidium',36),
(5,76,31,'Unterneustädter Kirchplatz',37),
(5,77,32,'Platz der Deutschen Einheit',39),
(5,78,33,'Sandershäuser Straße',40),
(5,79,34,'Kirchgasse',41),
(5,80,35,'Leipziger Platz',44),
(5,83,36,'Forstfeldstraße',45),
(5,84,37,'Lindenberg',47),
(5,85,38,'Am Kupferhammer',48),
(5,86,39,'Kaufungen Papierfabrik',50),
(5,87,40,'Industriestraße',51),
(5,88,41,'Niederkaufungen Mitte',54),
(5,89,42,'Bahnhof Niederkaufungen',56),
(5,90,43,'Rieckswiesen',57),
(5,91,44,'Gesamtschule',58),
(5,92,45,'Oberkaufungen Mitte',60),
(5,93,46,'Bahnhof Oberkaufungen',62),
(5,94,47,'DRK Klinik',63),
(6,18,1,'Bahnhof Großenritte',0),
(6,19,2,'Hünstein',1),
(6,20,3,'Albert-Einstein-Straße',2),
(6,21,4,'Stadtmitte',3),
(6,81,5,'Kleingartenverein',5),
(6,22,6,'VW-Werk',7),
(6,23,7,'Baunsberg',8),
(6,24,8,'Mattenberg Siedlung',10),
(6,25,9,'Waldmannstraße',11),
(6,28,10,'Mattenberg',12),
(6,29,11,'Altenbaunaer Straße/Europaschule',13),
(6,30,12,'Oberzwehren Mitte',14),
(6,75,13,'Keilsbergstraße',15),
(6,74,14,'Brüder-Grimm-Straße',17),
(6,73,15,'Dennhäuserstraße',18),
(6,72,16,'Leuschnerstraße',20),
(6,71,17,'Bahnhof Niederzwehren',21),
(6,70,18,'Park Schönfeld',22),
(6,69,19,'Auestadion',23),
(6,68,20,'Heinrich-Heine-Straße/Universität',24),
(6,67,21,'Am Weinberg',26),
(6,59,22,'Friedrichsplatz',27),
(6,58,23,'Königsplatz',29),
(6,56,24,'Am Stern',31),
(6,100,25,'Holländischer Platz/Universität',33),
(6,99,26,'Mombachstraße',35),
(6,98,27,'Hauptfriedhof',36),
(6,97,28,'Wiener Straße',38),
(6,96,29,'Hegelsbergstraße',39),
(6,95,30,'Holländische Straße',41),
(7,26,1,'VW-Werk-Schleife',0),
(7,27,2,'Schenkelsberg',2),
(7,28,3,'Mattenberg',3),
(7,29,4,'Altenbaunaer Straße/Europaschule',4),
(7,30,5,'Oberzwehren Mitte',5),
(7,75,6,'Keilsbergstraße',6),
(7,74,7,'Brüder-Grimm-Straße',8),
(7,73,8,'Dennhäuserstraße',9),
(7,72,9,'Leuschnerstraße',11),
(7,71,10,'Bahnhof Niederzwehren',12),
(7,70,11,'Park Schönfeld',13),
(7,69,12,'Auestadion',15),
(7,68,13,'Heinrich-Heine-Straße/Universität',16),
(7,67,14,'Am Weinberg',18),
(7,61,15,'Rathaus/Fünffensterstraße',21),
(7,53,16,'Wilhelmsstraße/Stadtmuseum',22),
(7,54,17,'Scheidemannplatz',24),
(7,55,18,'Lutherplatz',25),
(7,56,19,'Am Stern',26),
(7,100,20,'Holländischer Platz/Universität',28),
(7,99,21,'Mombachstraße',30),
(7,98,22,'Hauptfriedhof',31),
(7,97,23,'Wiener Straße',33),
(7,96,24,'Hegelsbergstraße',34),
(7,95,25,'Holländische Straße',36),
(8,32,1,'Schulzentrum Brückenhof',0),
(8,31,2,'Heinrich-Plett-Straße',1),
(8,30,3,'Oberzwehren Mitte',3),
(8,75,4,'Keilsbergstraße',4),
(8,74,5,'Brüder-Grimm-Straße',6),
(8,73,6,'Dennhäuserstraße',7),
(8,72,7,'Leuschnerstraße',9),
(8,71,8,'Bahnhof Niederzwehren',10),
(8,70,9,'Park Schönfeld',11),
(8,69,10,'Auestadion',12),
(8,68,11,'Heinrich-Heine-Straße/Universität',13),
(8,67,12,'Am Weinberg',15),
(8,60,13,'Rathaus',18),
(8,59,14,'Friedrichsplatz',19),
(8,58,15,'Königsplatz',21),
(8,56,16,'Am Stern',23),
(8,57,17,'Altmarkt/Regierungspräsidium',25),
(8,110,18,'Katzensprung',26),
(8,109,19,'Weserspitze',28),
(8,115,20,'Alte Stadtgrenze',30),
(8,114,21,'Am Fasanenhof',31),
(8,113,22,'Wolfsgraben',33),
(8,112,23,'Kirche Wolfsanger',34),
(8,111,24,'Wolfsanger',35),
(9,42,1,'Rolandstraße',0),
(9,43,2,'Kassel-Wilhelmshöhe',2),
(9,44,3,'Rotes Kreuz',3),
(9,62,4,'Berlepschstraße',4),
(9,63,5,'Kirchweg',5),
(9,64,6,'Goethestraße',7),
(9,50,7,'Annastraße',9),
(9,51,8,'Karthäußer Straße',10),
(9,52,9,'Ständeplatz',11),
(9,53,10,'Wilhelmsstraße/Stadtmuseum',12),
(9,54,11,'Scheidemannplatz',13),
(9,55,12,'Lutherplatz',15),
(9,56,13,'Am Stern',16),
(9,57,14,'Altmarkt/Regierungspräsidium',18),
(9,110,15,'Katzensprung',19),
(9,109,16,'Weserspitze',21),
(9,108,17,'Mittelring',22),
(9,107,18,'Klinikum Kassel',24),
(9,105,19,'Simmershäuser Straße',25),
(9,104,20,'Eisenschmiede',26),
(9,103,21,'Koboldstraße',27),
(9,102,22,'Arnimstraße',28),
(9,101,23,'Ihringshäuser Straße',29),
(10,18,1,'Bahnhof Großenritte',0),
(10,19,2,'Hünstein',1),
(10,20,3,'Albert-Einstein-Straße',2),
(10,21,4,'Stadtmitte',3),
(10,81,5,'Kleingartenverein',5),
(10,22,6,'VW-Werk',7),
(10,23,7,'Baunsberg',8),
(10,24,8,'Mattenberg Siedlung',10),
(10,25,9,'Waldmannstraße',11),
(10,28,10,'Mattenberg',12),
(10,29,11,'Altenbaunaer Straße/Europaschule',13),
(10,30,12,'Oberzwehren Mitte',14),
(10,31,13,'Heinrich-Plett-Straße',16),
(10,32,14,'Schulzentrum Brückenhof',17),
(10,33,15,'Korbacher Straße/Universität',18),
(10,34,16,'Heinrich-Schütz-Allee',19),
(10,35,17,'Helleböhn',20),
(10,36,18,'Rhönplatz',21),
(10,37,19,'Süsterfeld',22),
(10,38,20,'Helleböhnweg',23),
(10,39,21,'Marbachshöhe',24),
(10,40,22,'Hasselweg',25),
(10,41,23,'Walther-Schücking-Platz',26),
(10,43,24,'Kassel-Wilhelmshöhe',30),
(10,44,25,'Rotes Kreuz',31),
(10,62,26,'Berlepschstraße',32),
(10,63,27,'Kirchweg',33),
(10,64,28,'Goethestraße',35),
(10,50,29,'Annastraße',37),
(10,51,30,'Karthäußer Straße',39),
(10,52,31,'Ständeplatz',40),
(10,53,32,'Wilhelmsstraße/Stadtmuseum',41),
(10,54,33,'Scheidemannplatz',42),
(10,55,34,'Lutherplatz',44),
(10,56,35,'Am Stern',45),
(10,58,36,'Königsplatz',46),
(11,12,1,'Hessenschanze',0),
(11,13,2,'Prinzenquelle',1),
(11,14,3,'Stahlbergstraße',2),
(11,15,4,'Riedwiesen',3),
(11,16,5,'Kirche Kirchditmold',5),
(11,17,6,'Teichstraße',7),
(11,116,7,'Breitscheidstraße',8),
(11,117,8,'Aschrottstraße',9),
(11,47,9,'Bebelplatz',11),
(11,48,10,'Friedenskirche',12),
(11,49,11,'Querallee',13),
(11,50,12,'Annastraße',14),
(11,51,13,'Karthäußer Straße',15),
(11,52,14,'Ständeplatz',17),
(11,61,15,'Rathaus/Fünffensterstraße',18),
(11,60,16,'Rathaus',19),
(11,59,17,'Friedrichsplatz',20),
(11,58,18,'Königsplatz',22),
(11,56,19,'Am Stern',24),
(11,57,20,'Altmarkt/Regierungspräsidium',26),
(11,76,21,'Unterneustädter Kirchplatz',27),
(11,77,22,'Platz der Deutschen Einheit',29),
(11,78,23,'Sandershäuser Straße',30),
(11,79,24,'Kirchgasse',31),
(11,80,25,'Leipziger Platz',33),
(11,83,26,'Forstfeldstraße',34),
(11,84,27,'Lindenberg',36),
(11,85,28,'Am Kupferhammer',37),
(11,86,29,'Kaufungen Papierfabrik',39),
(12,12,1,'Hessenschanze',0),
(12,13,2,'Prinzenquelle',1),
(12,14,3,'Stahlbergstraße',2),
(12,15,4,'Riedwiesen',3),
(12,16,5,'Kirche Kirchditmold',5),
(12,17,6,'Teichstraße',7),
(12,116,7,'Breitscheidstraße',8),
(12,117,8,'Aschrottstraße',9),
(12,47,9,'Bebelplatz',11),
(12,48,10,'Friedenskirche',12),
(12,49,11,'Querallee',13),
(12,50,12,'Annastraße',14),
(12,51,13,'Karthäußer Straße',15),
(12,52,14,'Ständeplatz',17),
(12,61,15,'Rathaus/Fünffensterstraße',18),
(12,60,16,'Rathaus',19),
(12,59,17,'Friedrichsplatz',20),
(12,58,18,'Königsplatz',22),
(12,56,19,'Am Stern',23),
(12,57,20,'Altmarkt/Regierungspräsidium',25),
(12,76,21,'Unterneustädter Kirchplatz',26),
(12,77,22,'Platz der Deutschen Einheit',28),
(12,78,23,'Sandershäuser Straße',29),
(12,79,24,'Kirchgasse',30),
(12,80,25,'Leipziger Platz',32),
(12,95,26,'Leipziger Straße',33)
;
SHOW WARNINGS;